{"id":69,"date":"2013-12-18T21:57:15","date_gmt":"2013-12-18T21:57:15","guid":{"rendered":"http:\/\/organiser.at\/kaos\/?page_id=69"},"modified":"2019-09-18T15:39:03","modified_gmt":"2019-09-18T14:39:03","slug":"arkiv","status":"publish","type":"page","link":"https:\/\/organiser.at\/kaos\/arkiv\/","title":{"rendered":"Arkiv"},"content":{"rendered":"\n<p class=\"wp-block-paragraph\">Letar du efter n\u00e5got specifikt? Lycka till! Som allt annat i mitt liv \u00e4r det en j\u00e4vla r\u00f6ra h\u00e4r inne, men du kan \u00e5tminstone f\u00f6rs\u00f6ka hitta via kategorier eller \u2013 om du scrollar ner n\u00e5got \u2013 ungef\u00e4rliga datum, och hoppas att \u00e5tminstone det d\u00e4r datumarkivet kommer med n\u00e4stan korrekta rubriker som kanske g\u00e5r att f\u00f6rst\u00e5 sig p\u00e5.<\/p>\n\n\n\n<h3 class=\"wp-block-heading\">Kategorier<\/h3>\n\n\n\n<div class=\"wp-block-group\"><div class=\"wp-block-group__inner-container is-layout-flow wp-block-group-is-layout-flow\"><ul class=\"wp-block-categories-list wp-block-categories-taxonomy-category wp-block-categories\">\t<li class=\"cat-item cat-item-9\"><a href=\"https:\/\/organiser.at\/kaos\/kategori\/att-skriva\/\">Att skriva<\/a>\n<\/li>\n\t<li class=\"cat-item cat-item-19\"><a href=\"https:\/\/organiser.at\/kaos\/kategori\/biografiskt\/\">Biografiskt<\/a>\n<\/li>\n\t<li class=\"cat-item cat-item-13\"><a href=\"https:\/\/organiser.at\/kaos\/kategori\/dagbok\/\">Dagbok<\/a>\n<\/li>\n\t<li class=\"cat-item cat-item-14\"><a href=\"https:\/\/organiser.at\/kaos\/kategori\/film-tv\/\">Film &amp; TV<\/a>\n<\/li>\n\t<li class=\"cat-item cat-item-32\"><a href=\"https:\/\/organiser.at\/kaos\/kategori\/kultur\/\">Kultur<\/a>\n<\/li>\n\t<li class=\"cat-item cat-item-37\"><a href=\"https:\/\/organiser.at\/kaos\/kategori\/mat-dryck\/\">Mat &amp; dryck<\/a>\n<\/li>\n\t<li class=\"cat-item cat-item-20\"><a href=\"https:\/\/organiser.at\/kaos\/kategori\/musik\/\">Musik<\/a>\n<\/li>\n\t<li class=\"cat-item cat-item-15\"><a href=\"https:\/\/organiser.at\/kaos\/kategori\/recension\/\">Recension<\/a>\n<\/li>\n\t<li class=\"cat-item cat-item-10\"><a href=\"https:\/\/organiser.at\/kaos\/kategori\/resedagbok\/\">Resedagbok<\/a>\n<\/li>\n\t<li class=\"cat-item cat-item-21\"><a href=\"https:\/\/organiser.at\/kaos\/kategori\/teknik\/\">Teknik<\/a>\n<\/li>\n<\/ul><\/div><\/div>\n\n\n\n<h3 class=\"wp-block-heading\">\u00c5r, datum och rubriker<\/h3>\n\n\n<div class=\"clean-my-archives\"><h2 class=\"month-year\"><a href=\"https:\/\/organiser.at\/kaos\/2021\/09\/\">september 2021<\/a><\/h2><ul><li><span class=\"day\">12:<\/span> <a href=\"https:\/\/organiser.at\/kaos\/tjugo-ar-och-en-dag-dar-var-jag\/\" rel=\"bookmark\">Tjugo \u00e5r och en dag, d\u00e4r var jag<\/a> <span class=\"comments-number\">(0)<\/span><\/li><\/ul><h2 class=\"month-year\"><a href=\"https:\/\/organiser.at\/kaos\/2021\/03\/\">mars 2021<\/a><\/h2><ul><li><span class=\"day\">04:<\/span> <a href=\"https:\/\/organiser.at\/kaos\/christinas-lilla-varld\/\" rel=\"bookmark\">Christinas lilla v\u00e4rld<\/a> <span class=\"comments-number\">(0)<\/span><\/li><li><span class=\"day\">02:<\/span> <a href=\"https:\/\/organiser.at\/kaos\/att-dricka-kaffe-i-new-york\/\" rel=\"bookmark\">Att dricka kaffe i New York<\/a> <span class=\"comments-number\">(0)<\/span><\/li><\/ul><h2 class=\"month-year\"><a href=\"https:\/\/organiser.at\/kaos\/2020\/04\/\">april 2020<\/a><\/h2><ul><li><span class=\"day\">16:<\/span> <a href=\"https:\/\/organiser.at\/kaos\/condor-ar-en-gammal-god-nagelbitare-i-modern-kostym\/\" rel=\"bookmark\">Condor \u00e4r en gammal god nagelbitare i modern kostym<\/a> <span class=\"comments-number\">(1)<\/span><\/li><\/ul><h2 class=\"month-year\"><a href=\"https:\/\/organiser.at\/kaos\/2020\/02\/\">februari 2020<\/a><\/h2><ul><li><span class=\"day\">17:<\/span> <a href=\"https:\/\/organiser.at\/kaos\/walid-raad-pa-moderna-museet\/\" rel=\"bookmark\">Walid Raad p\u00e5 Moderna Mus\u00e9et<\/a> <span class=\"comments-number\">(0)<\/span><\/li><li><span class=\"day\">16:<\/span> <a href=\"https:\/\/organiser.at\/kaos\/till-minne-av-en-liten-katt\/\" rel=\"bookmark\">Till minne av en liten katt<\/a> <span class=\"comments-number\">(4)<\/span><\/li><\/ul><h2 class=\"month-year\"><a href=\"https:\/\/organiser.at\/kaos\/2019\/12\/\">december 2019<\/a><\/h2><ul><li><span class=\"day\">12:<\/span> <a href=\"https:\/\/organiser.at\/kaos\/historien-om-hur-det-gick-till-nar-jag-fick-se-roxette\/\" rel=\"bookmark\">Historien om hur det gick till n\u00e4r jag fick se Roxette<\/a> <span class=\"comments-number\">(0)<\/span><\/li><li><span class=\"day\">11:<\/span> <a href=\"https:\/\/organiser.at\/kaos\/marie-fredriksson-1958-2019\/\" rel=\"bookmark\">Marie Fredriksson, 1958 &#8211; 2019<\/a> <span class=\"comments-number\">(0)<\/span><\/li><\/ul><h2 class=\"month-year\"><a href=\"https:\/\/organiser.at\/kaos\/2019\/11\/\">november 2019<\/a><\/h2><ul><li><span class=\"day\">25:<\/span> <a href=\"https:\/\/organiser.at\/kaos\/lojlig-optimism\/\" rel=\"bookmark\">L\u00f6jlig optimism<\/a> <span class=\"comments-number\">(0)<\/span><\/li><\/ul><h2 class=\"month-year\"><a href=\"https:\/\/organiser.at\/kaos\/2019\/10\/\">oktober 2019<\/a><\/h2><ul><li><span class=\"day\">21:<\/span> <a href=\"https:\/\/organiser.at\/kaos\/historien-om-min-telefon-och-den-lealosa-kontakten\/\" rel=\"bookmark\">Historien om min telefon och den leal\u00f6sa kontakten<\/a> <span class=\"comments-number\">(0)<\/span><\/li><li><span class=\"day\">08:<\/span> <a href=\"https:\/\/organiser.at\/kaos\/jag-kom-att-tanka-pa-freddie-wadling\/\" rel=\"bookmark\">Jag kom att t\u00e4nka p\u00e5 Freddie Wadling<\/a> <span class=\"comments-number\">(0)<\/span><\/li><\/ul><h2 class=\"month-year\"><a href=\"https:\/\/organiser.at\/kaos\/2019\/09\/\">september 2019<\/a><\/h2><ul><li><span class=\"day\">18:<\/span> <a href=\"https:\/\/organiser.at\/kaos\/mer-om-detta-kaos\/\" rel=\"bookmark\">Mer om detta kaos<\/a> <span class=\"comments-number\">(0)<\/span><\/li><li><span class=\"day\">17:<\/span> <a href=\"https:\/\/organiser.at\/kaos\/min-relation-till-skrivandet\/\" rel=\"bookmark\">Min relation till skrivandet<\/a> <span class=\"comments-number\">(0)<\/span><\/li><\/ul><h2 class=\"month-year\"><a href=\"https:\/\/organiser.at\/kaos\/2018\/05\/\">maj 2018<\/a><\/h2><ul><li><span class=\"day\">20:<\/span> <a href=\"https:\/\/organiser.at\/kaos\/helgen-vecka-20\/\" rel=\"bookmark\">Helgen, vecka 20<\/a> <span class=\"comments-number\">(0)<\/span><\/li><\/ul><h2 class=\"month-year\"><a href=\"https:\/\/organiser.at\/kaos\/2018\/01\/\">januari 2018<\/a><\/h2><ul><li><span class=\"day\">01:<\/span> <a href=\"https:\/\/organiser.at\/kaos\/om-att-ganska-sent-komma-pa-mycket-battre-tankar\/\" rel=\"bookmark\">Om att ganska sent komma p\u00e5 mycket b\u00e4ttre tankar<\/a> <span class=\"comments-number\">(0)<\/span><\/li><\/ul><h2 class=\"month-year\"><a href=\"https:\/\/organiser.at\/kaos\/2017\/05\/\">maj 2017<\/a><\/h2><ul><li><span class=\"day\">29:<\/span> <a href=\"https:\/\/organiser.at\/kaos\/mandag\/\" rel=\"bookmark\">M\u00e5ndag<\/a> <span class=\"comments-number\">(0)<\/span><\/li><\/ul><h2 class=\"month-year\"><a href=\"https:\/\/organiser.at\/kaos\/2017\/03\/\">mars 2017<\/a><\/h2><ul><li><span class=\"day\">20:<\/span> <a href=\"https:\/\/organiser.at\/kaos\/bieffekterna\/\" rel=\"bookmark\">Recension av en oberoende liten science fiction-historia som gjuter starkt hopp om svensk genrefilms framtid<\/a> <span class=\"comments-number\">(0)<\/span><\/li><\/ul><h2 class=\"month-year\"><a href=\"https:\/\/organiser.at\/kaos\/2014\/09\/\">september 2014<\/a><\/h2><ul><li><span class=\"day\">02:<\/span> <a href=\"https:\/\/organiser.at\/kaos\/kaffe-pornografi-och-de-sista-skalvande-eller-egentligen-ganska-lugna-timmarna-i-new-york\/\" rel=\"bookmark\">Kaffe, pornografi och de sista sk\u00e4lvande (eller egentligen ganska lugna) timmarna i New York<\/a> <span class=\"comments-number\">(2)<\/span><\/li><\/ul><h2 class=\"month-year\"><a href=\"https:\/\/organiser.at\/kaos\/2014\/08\/\">augusti 2014<\/a><\/h2><ul><li><span class=\"day\">25:<\/span> <a href=\"https:\/\/organiser.at\/kaos\/sista-natten-i-new-york\/\" rel=\"bookmark\">Sista natten i New York<\/a> <span class=\"comments-number\">(2)<\/span><\/li><li><span class=\"day\">24:<\/span> <a href=\"https:\/\/organiser.at\/kaos\/livet-ar-en-kabare-min-van\/\" rel=\"bookmark\">Livet \u00e4r en kabar\u00e9, min v\u00e4n<\/a> <span class=\"comments-number\">(0)<\/span><\/li><li><span class=\"day\">23:<\/span> <a href=\"https:\/\/organiser.at\/kaos\/riddare-vattenfall-och-taye-diggs-bakhuvud\/\" rel=\"bookmark\">Riddare, vattenfall och Taye Diggs bakhuvud<\/a> <span class=\"comments-number\">(1)<\/span><\/li><li><span class=\"day\">22:<\/span> <a href=\"https:\/\/organiser.at\/kaos\/det-regnade-i-new-york-igar-natt\/\" rel=\"bookmark\">Det regnade i New York ig\u00e5r natt<\/a> <span class=\"comments-number\">(3)<\/span><\/li><li><span class=\"day\">21:<\/span> <a href=\"https:\/\/organiser.at\/kaos\/amsterdam-new-york-queens\/\" rel=\"bookmark\">Amsterdam &#8211; New York &#8211; Queens<\/a> <span class=\"comments-number\">(1)<\/span><\/li><li><span class=\"day\">20:<\/span> <a href=\"https:\/\/organiser.at\/kaos\/schiphol-amsterdam\/\" rel=\"bookmark\">Schiphol, Amsterdam<\/a> <span class=\"comments-number\">(0)<\/span><\/li><li class=\"day-duplicate\"><span class=\"day\">20:<\/span> <a href=\"https:\/\/organiser.at\/kaos\/terminal-2\/\" rel=\"bookmark\">Terminal 2<\/a> <span class=\"comments-number\">(3)<\/span><\/li><\/ul><h2 class=\"month-year\"><a href=\"https:\/\/organiser.at\/kaos\/2014\/06\/\">juni 2014<\/a><\/h2><ul><li><span class=\"day\">30:<\/span> <a href=\"https:\/\/organiser.at\/kaos\/vaxjo\/\" rel=\"bookmark\">V\u00e4xj\u00f6<\/a> <span class=\"comments-number\">(0)<\/span><\/li><li><span class=\"day\">29:<\/span> <a href=\"https:\/\/organiser.at\/kaos\/hassleholm\/\" rel=\"bookmark\">H\u00e4ssleholm<\/a> <span class=\"comments-number\">(0)<\/span><\/li><\/ul><h2 class=\"month-year\"><a href=\"https:\/\/organiser.at\/kaos\/2014\/03\/\">mars 2014<\/a><\/h2><ul><li><span class=\"day\">05:<\/span> <a href=\"https:\/\/organiser.at\/kaos\/jag-har-ett-problem-och-det-blir-liksom-inte-battre\/\" rel=\"bookmark\">Jag har ett problem och det blir liksom inte b\u00e4ttre<\/a> <span class=\"comments-number\">(1)<\/span><\/li><li><span class=\"day\">03:<\/span> <a href=\"https:\/\/organiser.at\/kaos\/det-har-ar-pa-grund-av-oscar\/\" rel=\"bookmark\">Det h\u00e4r \u00e4r p\u00e5 grund av Oscar<\/a> <span class=\"comments-number\">(0)<\/span><\/li><li><span class=\"day\">02:<\/span> <a href=\"https:\/\/organiser.at\/kaos\/en-gra-katts-bla-svansang\/\" rel=\"bookmark\">En gr\u00e5 katts bl\u00e5 svans\u00e5ng<\/a> <span class=\"comments-number\">(0)<\/span><\/li><li><span class=\"day\">01:<\/span> <a href=\"https:\/\/organiser.at\/kaos\/den-har-historien-kommer-inte-sluta-lyckligt\/\" rel=\"bookmark\">Den h\u00e4r historien kommer inte sluta lyckligt<\/a> <\/li><\/ul><\/div>","protected":false},"excerpt":{"rendered":"<p>Letar du efter n\u00e5got specifikt? Lycka till! Som allt annat i mitt liv \u00e4r det en j\u00e4vla r\u00f6ra h\u00e4r inne, men du kan \u00e5tminstone f\u00f6rs\u00f6ka hitta via kategorier eller \u2013 om du scrollar ner n\u00e5got \u2013 ungef\u00e4rliga datum, och hoppas att \u00e5tminstone det d\u00e4r datumarkivet kommer med n\u00e4stan korrekta rubriker som kanske g\u00e5r att f\u00f6rst\u00e5 [&hellip;]<\/p>\n","protected":false},"author":1,"featured_media":0,"parent":0,"menu_order":0,"comment_status":"closed","ping_status":"closed","template":"","meta":{"_coblocks_attr":"","_coblocks_dimensions":"","_coblocks_responsive_height":"","_coblocks_accordion_ie_support":"","_crdt_document":"","footnotes":"","_links_to":"","_links_to_target":""},"class_list":["post-69","page","type-page","status-publish","hentry"],"blocksy_meta":[],"yoast_head":"<!-- This site is optimized with the Yoast SEO plugin v27.4 - https:\/\/yoast.com\/product\/yoast-seo-wordpress\/ -->\n<title>Arkiv - Organiserat kaos<\/title>\n<meta name=\"robots\" content=\"index, follow, max-snippet:-1, max-image-preview:large, max-video-preview:-1\" \/>\n<link rel=\"canonical\" href=\"https:\/\/organiser.at\/kaos\/arkiv\/\" \/>\n<meta property=\"og:locale\" content=\"sv_SE\" \/>\n<meta property=\"og:type\" content=\"article\" \/>\n<meta property=\"og:title\" content=\"Arkiv - Organiserat kaos\" \/>\n<meta property=\"og:description\" content=\"Letar du efter n\u00e5got specifikt? Lycka till! Som allt annat i mitt liv \u00e4r det en j\u00e4vla r\u00f6ra h\u00e4r inne, men du kan \u00e5tminstone f\u00f6rs\u00f6ka hitta via kategorier eller \u2013 om du scrollar ner n\u00e5got \u2013 ungef\u00e4rliga datum, och hoppas att \u00e5tminstone det d\u00e4r datumarkivet kommer med n\u00e4stan korrekta rubriker som kanske g\u00e5r att f\u00f6rst\u00e5 [&hellip;]\" \/>\n<meta property=\"og:url\" content=\"https:\/\/organiser.at\/kaos\/arkiv\/\" \/>\n<meta property=\"og:site_name\" content=\"Organiserat kaos\" \/>\n<meta property=\"article:modified_time\" content=\"2019-09-18T14:39:03+00:00\" \/>\n<meta name=\"twitter:card\" content=\"summary_large_image\" \/>\n<script type=\"application\/ld+json\" class=\"yoast-schema-graph\">{\"@context\":\"https:\\\/\\\/schema.org\",\"@graph\":[{\"@type\":\"WebPage\",\"@id\":\"https:\\\/\\\/organiser.at\\\/kaos\\\/arkiv\\\/\",\"url\":\"https:\\\/\\\/organiser.at\\\/kaos\\\/arkiv\\\/\",\"name\":\"Arkiv - Organiserat kaos\",\"isPartOf\":{\"@id\":\"https:\\\/\\\/organiser.at\\\/kaos\\\/#website\"},\"datePublished\":\"2013-12-18T21:57:15+00:00\",\"dateModified\":\"2019-09-18T14:39:03+00:00\",\"breadcrumb\":{\"@id\":\"https:\\\/\\\/organiser.at\\\/kaos\\\/arkiv\\\/#breadcrumb\"},\"inLanguage\":\"sv-SE\",\"potentialAction\":[{\"@type\":\"ReadAction\",\"target\":[\"https:\\\/\\\/organiser.at\\\/kaos\\\/arkiv\\\/\"]}]},{\"@type\":\"BreadcrumbList\",\"@id\":\"https:\\\/\\\/organiser.at\\\/kaos\\\/arkiv\\\/#breadcrumb\",\"itemListElement\":[{\"@type\":\"ListItem\",\"position\":1,\"name\":\"Hem\",\"item\":\"https:\\\/\\\/organiser.at\\\/kaos\\\/\"},{\"@type\":\"ListItem\",\"position\":2,\"name\":\"Arkiv\"}]},{\"@type\":\"WebSite\",\"@id\":\"https:\\\/\\\/organiser.at\\\/kaos\\\/#website\",\"url\":\"https:\\\/\\\/organiser.at\\\/kaos\\\/\",\"name\":\"Organiserat kaos\",\"description\":\"mer \u00e4n bara ett vackert sk\u00e4gg\",\"publisher\":{\"@id\":\"https:\\\/\\\/organiser.at\\\/kaos\\\/#organization\"},\"potentialAction\":[{\"@type\":\"SearchAction\",\"target\":{\"@type\":\"EntryPoint\",\"urlTemplate\":\"https:\\\/\\\/organiser.at\\\/kaos\\\/?s={search_term_string}\"},\"query-input\":{\"@type\":\"PropertyValueSpecification\",\"valueRequired\":true,\"valueName\":\"search_term_string\"}}],\"inLanguage\":\"sv-SE\"},{\"@type\":\"Organization\",\"@id\":\"https:\\\/\\\/organiser.at\\\/kaos\\\/#organization\",\"name\":\"Organiserat kaos\",\"url\":\"https:\\\/\\\/organiser.at\\\/kaos\\\/\",\"logo\":{\"@type\":\"ImageObject\",\"inLanguage\":\"sv-SE\",\"@id\":\"https:\\\/\\\/organiser.at\\\/kaos\\\/#\\\/schema\\\/logo\\\/image\\\/\",\"url\":\"https:\\\/\\\/i0.wp.com\\\/organiser.at\\\/kaos\\\/wp-content\\\/uploads\\\/2020\\\/11\\\/organiserat_kaos_logo_liten.png?fit=595%2C80&ssl=1\",\"contentUrl\":\"https:\\\/\\\/i0.wp.com\\\/organiser.at\\\/kaos\\\/wp-content\\\/uploads\\\/2020\\\/11\\\/organiserat_kaos_logo_liten.png?fit=595%2C80&ssl=1\",\"width\":595,\"height\":80,\"caption\":\"Organiserat kaos\"},\"image\":{\"@id\":\"https:\\\/\\\/organiser.at\\\/kaos\\\/#\\\/schema\\\/logo\\\/image\\\/\"}}]}<\/script>\n<!-- \/ Yoast SEO plugin. -->","yoast_head_json":{"title":"Arkiv - Organiserat kaos","robots":{"index":"index","follow":"follow","max-snippet":"max-snippet:-1","max-image-preview":"max-image-preview:large","max-video-preview":"max-video-preview:-1"},"canonical":"https:\/\/organiser.at\/kaos\/arkiv\/","og_locale":"sv_SE","og_type":"article","og_title":"Arkiv - Organiserat kaos","og_description":"Letar du efter n\u00e5got specifikt? Lycka till! Som allt annat i mitt liv \u00e4r det en j\u00e4vla r\u00f6ra h\u00e4r inne, men du kan \u00e5tminstone f\u00f6rs\u00f6ka hitta via kategorier eller \u2013 om du scrollar ner n\u00e5got \u2013 ungef\u00e4rliga datum, och hoppas att \u00e5tminstone det d\u00e4r datumarkivet kommer med n\u00e4stan korrekta rubriker som kanske g\u00e5r att f\u00f6rst\u00e5 [&hellip;]","og_url":"https:\/\/organiser.at\/kaos\/arkiv\/","og_site_name":"Organiserat kaos","article_modified_time":"2019-09-18T14:39:03+00:00","twitter_card":"summary_large_image","schema":{"@context":"https:\/\/schema.org","@graph":[{"@type":"WebPage","@id":"https:\/\/organiser.at\/kaos\/arkiv\/","url":"https:\/\/organiser.at\/kaos\/arkiv\/","name":"Arkiv - Organiserat kaos","isPartOf":{"@id":"https:\/\/organiser.at\/kaos\/#website"},"datePublished":"2013-12-18T21:57:15+00:00","dateModified":"2019-09-18T14:39:03+00:00","breadcrumb":{"@id":"https:\/\/organiser.at\/kaos\/arkiv\/#breadcrumb"},"inLanguage":"sv-SE","potentialAction":[{"@type":"ReadAction","target":["https:\/\/organiser.at\/kaos\/arkiv\/"]}]},{"@type":"BreadcrumbList","@id":"https:\/\/organiser.at\/kaos\/arkiv\/#breadcrumb","itemListElement":[{"@type":"ListItem","position":1,"name":"Hem","item":"https:\/\/organiser.at\/kaos\/"},{"@type":"ListItem","position":2,"name":"Arkiv"}]},{"@type":"WebSite","@id":"https:\/\/organiser.at\/kaos\/#website","url":"https:\/\/organiser.at\/kaos\/","name":"Organiserat kaos","description":"mer \u00e4n bara ett vackert sk\u00e4gg","publisher":{"@id":"https:\/\/organiser.at\/kaos\/#organization"},"potentialAction":[{"@type":"SearchAction","target":{"@type":"EntryPoint","urlTemplate":"https:\/\/organiser.at\/kaos\/?s={search_term_string}"},"query-input":{"@type":"PropertyValueSpecification","valueRequired":true,"valueName":"search_term_string"}}],"inLanguage":"sv-SE"},{"@type":"Organization","@id":"https:\/\/organiser.at\/kaos\/#organization","name":"Organiserat kaos","url":"https:\/\/organiser.at\/kaos\/","logo":{"@type":"ImageObject","inLanguage":"sv-SE","@id":"https:\/\/organiser.at\/kaos\/#\/schema\/logo\/image\/","url":"https:\/\/i0.wp.com\/organiser.at\/kaos\/wp-content\/uploads\/2020\/11\/organiserat_kaos_logo_liten.png?fit=595%2C80&ssl=1","contentUrl":"https:\/\/i0.wp.com\/organiser.at\/kaos\/wp-content\/uploads\/2020\/11\/organiserat_kaos_logo_liten.png?fit=595%2C80&ssl=1","width":595,"height":80,"caption":"Organiserat kaos"},"image":{"@id":"https:\/\/organiser.at\/kaos\/#\/schema\/logo\/image\/"}}]}},"blog_post_layout_featured_media_urls":{"thumbnail":"","full":""},"categories_names":null,"comments_number":"0","jetpack_sharing_enabled":true,"jetpack_shortlink":"https:\/\/wp.me\/P7PBTu-17","jetpack_likes_enabled":true,"_links":{"self":[{"href":"https:\/\/organiser.at\/kaos\/wp-json\/wp\/v2\/pages\/69","targetHints":{"allow":["GET"]}}],"collection":[{"href":"https:\/\/organiser.at\/kaos\/wp-json\/wp\/v2\/pages"}],"about":[{"href":"https:\/\/organiser.at\/kaos\/wp-json\/wp\/v2\/types\/page"}],"author":[{"embeddable":true,"href":"https:\/\/organiser.at\/kaos\/wp-json\/wp\/v2\/users\/1"}],"replies":[{"embeddable":true,"href":"https:\/\/organiser.at\/kaos\/wp-json\/wp\/v2\/comments?post=69"}],"version-history":[{"count":9,"href":"https:\/\/organiser.at\/kaos\/wp-json\/wp\/v2\/pages\/69\/revisions"}],"predecessor-version":[{"id":666,"href":"https:\/\/organiser.at\/kaos\/wp-json\/wp\/v2\/pages\/69\/revisions\/666"}],"wp:attachment":[{"href":"https:\/\/organiser.at\/kaos\/wp-json\/wp\/v2\/media?parent=69"}],"curies":[{"name":"wp","href":"https:\/\/api.w.org\/{rel}","templated":true}]}}